{"id":23421,"date":"2024-11-19T09:18:03","date_gmt":"2024-11-19T08:18:03","guid":{"rendered":"https:\/\/esf.hr\/esfplus\/?page_id=23421"},"modified":"2024-11-19T09:18:03","modified_gmt":"2024-11-19T08:18:03","slug":"podrska-skolama-u-provedbi-cjelodnevne-skole","status":"publish","type":"page","link":"https:\/\/esf.hr\/esfplus\/podrska-skolama-u-provedbi-cjelodnevne-skole\/","title":{"rendered":"Podr\u0161ka \u0161kolama u provedbi cjelodnevne \u0161kole"},"content":{"rendered":"<hr class=\"wp-block-separator\" \/>\n<h3>Vremenski raspored provedbe: 2024. &#8211; 2028.<\/h3>\n<p>S ciljem pobolj\u0161anja odgojno obrazovnih ishoda u\u010denika unaprijedit \u0107e se kvaliteta, u\u010dinkovitost, efikasnost i pravednost sustava osnovno\u0161kolskog i op\u0107eg srednjo\u0161kolskog obrazovanja. Prelaskom na sustav cjelodnevne \u0161kole (CD\u0160) oboga\u0107uje se i produljuje \u0161kolski dan unaprje\u0111uju\u0107i sustav pou\u010davanja i u\u010denja, profesionalni razvoj i otvaraju\u0107i kreativni prostor odgojno-obrazovnim radnicima. Provedbom CD\u0160 utjecat \u0107e se na smanjenja razlika u u\u010deni\u010dkim postignu\u0107ima uvjetovanim dru\u0161tvenim i obiteljskim faktorima, te smanjiti zaostajanje u standardiziranim me\u0111unarodnim mjerenjima postignu\u0107a u\u010denika. Pra\u0107enje i vrednovanje ste\u010denih iskustava i ishoda programa, predstavljat \u0107e empirijsku osnovu za prilagodbe \/unapre\u0111enja, te punu implementaciju. Osigurat \u0107e se kontinuirana podr\u0161ka optimizaciji i implementaciji CD\u0160, kao i podr\u0161ka \u0161kolama.<\/p>\n<p><em>Komplementarno, uz ESF+, iz Europskog fonda za regionalni razvoj, podr\u017eat \u0107e se ulaganje u potrebne infrastrukturne prilagodbe i opremu povezanu s uvo\u0111enjem modela cjelodnevne \u0161kole, uklju\u010duju\u0107i uskla\u0111ivanje sa zelenom i digitalnom tranzicijom.<\/em><\/p>\n<p>Sustav cjelodnevne \u0161kole treba omogu\u0107iti u\u010denicima ve\u0107u dostupnost izvan\u0161kolskih aktivnosti i pomo\u0107i u u\u010denju.<\/p>\n","protected":false},"excerpt":{"rendered":"<p>Vremenski raspored provedbe: 2024. &#8211; 2028. S ciljem pobolj\u0161anja odgojno obrazovnih ishoda u\u010denika unaprijedit \u0107e se kvaliteta, u\u010dinkovitost, efikasnost i pravednost sustava osnovno\u0161kolskog i op\u0107eg srednjo\u0161kolskog obrazovanja. Prelaskom na sustav cjelodnevne \u0161kole (CD\u0160) oboga\u0107uje se i produljuje \u0161kolski dan unaprje\u0111uju\u0107i sustav pou\u010davanja i u\u010denja, profesionalni razvoj i otvaraju\u0107i kreativni prostor odgojno-obrazovnim radnicima. Provedbom CD\u0160 utjecat [&hellip;]<\/p>\n","protected":false},"author":1384,"featured_media":0,"parent":0,"menu_order":0,"comment_status":"closed","ping_status":"closed","template":"","meta":{"_monsterinsights_skip_tracking":false,"_monsterinsights_sitenote_active":false,"_monsterinsights_sitenote_note":"","_monsterinsights_sitenote_category":0,"cybocfi_hide_featured_image":""},"yoast_head":"<!-- This site is optimized with the Yoast SEO plugin v16.8 - https:\/\/yoast.com\/wordpress\/plugins\/seo\/ -->\n<title>Podr\u0161ka \u0161kolama u provedbi cjelodnevne \u0161kole - Europski socijalni fond<\/title>\n<meta name=\"robots\" content=\"index, follow, max-snippet:-1, max-image-preview:large, max-video-preview:-1\" \/>\n<link rel=\"canonical\" href=\"https:\/\/esf.hr\/esfplus\/podrska-skolama-u-provedbi-cjelodnevne-skole\/\" \/>\n<meta property=\"og:locale\" content=\"en_US\" \/>\n<meta property=\"og:type\" content=\"article\" \/>\n<meta property=\"og:title\" content=\"Podr\u0161ka \u0161kolama u provedbi cjelodnevne \u0161kole - Europski socijalni fond\" \/>\n<meta property=\"og:description\" content=\"Vremenski raspored provedbe: 2024. &#8211; 2028. S ciljem pobolj\u0161anja odgojno obrazovnih ishoda u\u010denika unaprijedit \u0107e se kvaliteta, u\u010dinkovitost, efikasnost i pravednost sustava osnovno\u0161kolskog i op\u0107eg srednjo\u0161kolskog obrazovanja. Prelaskom na sustav cjelodnevne \u0161kole (CD\u0160) oboga\u0107uje se i produljuje \u0161kolski dan unaprje\u0111uju\u0107i sustav pou\u010davanja i u\u010denja, profesionalni razvoj i otvaraju\u0107i kreativni prostor odgojno-obrazovnim radnicima. Provedbom CD\u0160 utjecat [&hellip;]\" \/>\n<meta property=\"og:url\" content=\"https:\/\/esf.hr\/esfplus\/podrska-skolama-u-provedbi-cjelodnevne-skole\/\" \/>\n<meta property=\"og:site_name\" content=\"Europski socijalni fond\" \/>\n<meta name=\"twitter:label1\" content=\"Est. reading time\" \/>\n\t<meta name=\"twitter:data1\" content=\"1 minute\" \/>\n<script type=\"application\/ld+json\" class=\"yoast-schema-graph\">{\"@context\":\"https:\/\/schema.org\",\"@graph\":[{\"@type\":\"WebSite\",\"@id\":\"https:\/\/esf.hr\/esfplus\/#website\",\"url\":\"https:\/\/esf.hr\/esfplus\/\",\"name\":\"Europski socijalni fond\",\"description\":\"Program U\\u010dinkoviti ljudski potencijali 2021.-2027.\",\"potentialAction\":[{\"@type\":\"SearchAction\",\"target\":{\"@type\":\"EntryPoint\",\"urlTemplate\":\"https:\/\/esf.hr\/esfplus\/?s={search_term_string}\"},\"query-input\":\"required name=search_term_string\"}],\"inLanguage\":\"en-US\"},{\"@type\":\"WebPage\",\"@id\":\"https:\/\/esf.hr\/esfplus\/podrska-skolama-u-provedbi-cjelodnevne-skole\/#webpage\",\"url\":\"https:\/\/esf.hr\/esfplus\/podrska-skolama-u-provedbi-cjelodnevne-skole\/\",\"name\":\"Podr\\u0161ka \\u0161kolama u provedbi cjelodnevne \\u0161kole - Europski socijalni fond\",\"isPartOf\":{\"@id\":\"https:\/\/esf.hr\/esfplus\/#website\"},\"datePublished\":\"2024-11-19T08:18:03+00:00\",\"dateModified\":\"2024-11-19T08:18:03+00:00\",\"breadcrumb\":{\"@id\":\"https:\/\/esf.hr\/esfplus\/podrska-skolama-u-provedbi-cjelodnevne-skole\/#breadcrumb\"},\"inLanguage\":\"en-US\",\"potentialAction\":[{\"@type\":\"ReadAction\",\"target\":[\"https:\/\/esf.hr\/esfplus\/podrska-skolama-u-provedbi-cjelodnevne-skole\/\"]}]},{\"@type\":\"BreadcrumbList\",\"@id\":\"https:\/\/esf.hr\/esfplus\/podrska-skolama-u-provedbi-cjelodnevne-skole\/#breadcrumb\",\"itemListElement\":[{\"@type\":\"ListItem\",\"position\":1,\"name\":\"Naslovna\",\"item\":\"https:\/\/esf.hr\/esfplus\/\"},{\"@type\":\"ListItem\",\"position\":2,\"name\":\"Podr\\u0161ka \\u0161kolama u provedbi cjelodnevne \\u0161kole\"}]}]}<\/script>\n<!-- \/ Yoast SEO plugin. -->","yoast_head_json":{"title":"Podr\u0161ka \u0161kolama u provedbi cjelodnevne \u0161kole - Europski socijalni fond","robots":{"index":"index","follow":"follow","max-snippet":"max-snippet:-1","max-image-preview":"max-image-preview:large","max-video-preview":"max-video-preview:-1"},"canonical":"https:\/\/esf.hr\/esfplus\/podrska-skolama-u-provedbi-cjelodnevne-skole\/","og_locale":"en_US","og_type":"article","og_title":"Podr\u0161ka \u0161kolama u provedbi cjelodnevne \u0161kole - Europski socijalni fond","og_description":"Vremenski raspored provedbe: 2024. &#8211; 2028. S ciljem pobolj\u0161anja odgojno obrazovnih ishoda u\u010denika unaprijedit \u0107e se kvaliteta, u\u010dinkovitost, efikasnost i pravednost sustava osnovno\u0161kolskog i op\u0107eg srednjo\u0161kolskog obrazovanja. Prelaskom na sustav cjelodnevne \u0161kole (CD\u0160) oboga\u0107uje se i produljuje \u0161kolski dan unaprje\u0111uju\u0107i sustav pou\u010davanja i u\u010denja, profesionalni razvoj i otvaraju\u0107i kreativni prostor odgojno-obrazovnim radnicima. Provedbom CD\u0160 utjecat [&hellip;]","og_url":"https:\/\/esf.hr\/esfplus\/podrska-skolama-u-provedbi-cjelodnevne-skole\/","og_site_name":"Europski socijalni fond","twitter_misc":{"Est. reading time":"1 minute"},"schema":{"@context":"https:\/\/schema.org","@graph":[{"@type":"WebSite","@id":"https:\/\/esf.hr\/esfplus\/#website","url":"https:\/\/esf.hr\/esfplus\/","name":"Europski socijalni fond","description":"Program U\u010dinkoviti ljudski potencijali 2021.-2027.","potentialAction":[{"@type":"SearchAction","target":{"@type":"EntryPoint","urlTemplate":"https:\/\/esf.hr\/esfplus\/?s={search_term_string}"},"query-input":"required name=search_term_string"}],"inLanguage":"en-US"},{"@type":"WebPage","@id":"https:\/\/esf.hr\/esfplus\/podrska-skolama-u-provedbi-cjelodnevne-skole\/#webpage","url":"https:\/\/esf.hr\/esfplus\/podrska-skolama-u-provedbi-cjelodnevne-skole\/","name":"Podr\u0161ka \u0161kolama u provedbi cjelodnevne \u0161kole - Europski socijalni fond","isPartOf":{"@id":"https:\/\/esf.hr\/esfplus\/#website"},"datePublished":"2024-11-19T08:18:03+00:00","dateModified":"2024-11-19T08:18:03+00:00","breadcrumb":{"@id":"https:\/\/esf.hr\/esfplus\/podrska-skolama-u-provedbi-cjelodnevne-skole\/#breadcrumb"},"inLanguage":"en-US","potentialAction":[{"@type":"ReadAction","target":["https:\/\/esf.hr\/esfplus\/podrska-skolama-u-provedbi-cjelodnevne-skole\/"]}]},{"@type":"BreadcrumbList","@id":"https:\/\/esf.hr\/esfplus\/podrska-skolama-u-provedbi-cjelodnevne-skole\/#breadcrumb","itemListElement":[{"@type":"ListItem","position":1,"name":"Naslovna","item":"https:\/\/esf.hr\/esfplus\/"},{"@type":"ListItem","position":2,"name":"Podr\u0161ka \u0161kolama u provedbi cjelodnevne \u0161kole"}]}]}},"_links":{"self":[{"href":"https:\/\/esf.hr\/esfplus\/wp-json\/wp\/v2\/pages\/23421"}],"collection":[{"href":"https:\/\/esf.hr\/esfplus\/wp-json\/wp\/v2\/pages"}],"about":[{"href":"https:\/\/esf.hr\/esfplus\/wp-json\/wp\/v2\/types\/page"}],"author":[{"embeddable":true,"href":"https:\/\/esf.hr\/esfplus\/wp-json\/wp\/v2\/users\/1384"}],"replies":[{"embeddable":true,"href":"https:\/\/esf.hr\/esfplus\/wp-json\/wp\/v2\/comments?post=23421"}],"version-history":[{"count":1,"href":"https:\/\/esf.hr\/esfplus\/wp-json\/wp\/v2\/pages\/23421\/revisions"}],"predecessor-version":[{"id":23422,"href":"https:\/\/esf.hr\/esfplus\/wp-json\/wp\/v2\/pages\/23421\/revisions\/23422"}],"wp:attachment":[{"href":"https:\/\/esf.hr\/esfplus\/wp-json\/wp\/v2\/media?parent=23421"}],"curies":[{"name":"wp","href":"https:\/\/api.w.org\/{rel}","templated":true}]}}