{"id":19699,"date":"2022-10-28T10:15:35","date_gmt":"2022-10-28T08:15:35","guid":{"rendered":"https:\/\/esf.hr\/esfplus\/?page_id=19699"},"modified":"2026-03-20T09:50:58","modified_gmt":"2026-03-20T08:50:58","slug":"institucionalni-okvir-za-provedbu-europskog-socijalnog-fonda","status":"publish","type":"page","link":"https:\/\/esf.hr\/esfplus\/institucionalni-okvir-za-provedbu-europskog-socijalnog-fonda\/","title":{"rendered":"Nacionalni okvir za provedbu ESF +"},"content":{"rendered":"<hr style=\"border-top: 2.2px solid #ddd;\" \/>\n<ul>\n<li><a href=\"https:\/\/narodne-novine.nn.hr\/clanci\/sluzbeni\/2025_02_31_324.html\" target=\"_blank\" rel=\"noopener\"><span style=\"font-size: 14pt;\">Zakon o izmjenama Zakona o institucionalnom okviru za kori\u0161tenje fondova Europske unije u Republici Hrvatskoj<\/span><\/a><\/li>\n<li><span style=\"font-size: 14pt;\"><a href=\"https:\/\/narodne-novine.nn.hr\/clanci\/sluzbeni\/2021_10_116_1985.html\" target=\"_blank\" rel=\"noopener\">Zakon o institucionalnom okviru za kori\u0161tenje fondova Europske unije u Republici Hrvatskoj<\/a><\/span><\/li>\n<li><span style=\"font-size: 14pt;\"><a href=\"https:\/\/narodne-novine.nn.hr\/clanci\/sluzbeni\/2022_08_96_1430.html\" target=\"_blank\" rel=\"noopener\">Uredba o tijelima u sustavu upravljanja i kontrole kori\u0161tenja Europskog socijalnog fonda plus u vezi s ciljem \u00bbUlaganje za radna mjesta i rast\u00ab, u okviru programa U\u010dinkoviti ljudski potencijali 2021. \u2013 2027.<\/a><\/span><\/li>\n<li><span style=\"font-size: 14pt;\"><a href=\"https:\/\/esf.hr\/esfplus\/wp-content\/uploads\/2026\/03\/Izjava-o-nultoj-stopi-tolerancije-na-prijevare-korupciju-i-sukob-interesa.pdf\">Izjava Upravlja\u010dkog tijela o nultoj stopi tolerancije na prijevare, korupciju i sukob interesa u sustavu upravljanja i kontrole<\/a><\/span><\/li>\n<\/ul>\n","protected":false},"excerpt":{"rendered":"<p>Zakon o izmjenama Zakona o institucionalnom okviru za kori\u0161tenje fondova Europske unije u Republici Hrvatskoj Zakon o institucionalnom okviru za kori\u0161tenje fondova Europske unije u Republici Hrvatskoj Uredba o tijelima u sustavu upravljanja i kontrole kori\u0161tenja Europskog socijalnog fonda plus u vezi s ciljem \u00bbUlaganje za radna mjesta i rast\u00ab, u okviru programa U\u010dinkoviti ljudski [&hellip;]<\/p>\n","protected":false},"author":20,"featured_media":0,"parent":0,"menu_order":0,"comment_status":"closed","ping_status":"closed","template":"","meta":{"_monsterinsights_skip_tracking":false,"_monsterinsights_sitenote_active":false,"_monsterinsights_sitenote_note":"","_monsterinsights_sitenote_category":0,"cybocfi_hide_featured_image":""},"yoast_head":"<!-- This site is optimized with the Yoast SEO plugin v16.8 - https:\/\/yoast.com\/wordpress\/plugins\/seo\/ -->\n<title>Nacionalni okvir za provedbu ESF + - Europski socijalni fond<\/title>\n<meta name=\"robots\" content=\"index, follow, max-snippet:-1, max-image-preview:large, max-video-preview:-1\" \/>\n<link rel=\"canonical\" href=\"https:\/\/esf.hr\/esfplus\/institucionalni-okvir-za-provedbu-europskog-socijalnog-fonda\/\" \/>\n<meta property=\"og:locale\" content=\"en_US\" \/>\n<meta property=\"og:type\" content=\"article\" \/>\n<meta property=\"og:title\" content=\"Nacionalni okvir za provedbu ESF + - Europski socijalni fond\" \/>\n<meta property=\"og:description\" content=\"Zakon o izmjenama Zakona o institucionalnom okviru za kori\u0161tenje fondova Europske unije u Republici Hrvatskoj Zakon o institucionalnom okviru za kori\u0161tenje fondova Europske unije u Republici Hrvatskoj Uredba o tijelima u sustavu upravljanja i kontrole kori\u0161tenja Europskog socijalnog fonda plus u vezi s ciljem \u00bbUlaganje za radna mjesta i rast\u00ab, u okviru programa U\u010dinkoviti ljudski [&hellip;]\" \/>\n<meta property=\"og:url\" content=\"https:\/\/esf.hr\/esfplus\/institucionalni-okvir-za-provedbu-europskog-socijalnog-fonda\/\" \/>\n<meta property=\"og:site_name\" content=\"Europski socijalni fond\" \/>\n<meta property=\"article:modified_time\" content=\"2026-03-20T08:50:58+00:00\" \/>\n<meta name=\"twitter:label1\" content=\"Est. reading time\" \/>\n\t<meta name=\"twitter:data1\" content=\"1 minute\" \/>\n<script type=\"application\/ld+json\" class=\"yoast-schema-graph\">{\"@context\":\"https:\/\/schema.org\",\"@graph\":[{\"@type\":\"WebSite\",\"@id\":\"https:\/\/esf.hr\/esfplus\/#website\",\"url\":\"https:\/\/esf.hr\/esfplus\/\",\"name\":\"Europski socijalni fond\",\"description\":\"Program U\\u010dinkoviti ljudski potencijali 2021.-2027.\",\"potentialAction\":[{\"@type\":\"SearchAction\",\"target\":{\"@type\":\"EntryPoint\",\"urlTemplate\":\"https:\/\/esf.hr\/esfplus\/?s={search_term_string}\"},\"query-input\":\"required name=search_term_string\"}],\"inLanguage\":\"en-US\"},{\"@type\":\"WebPage\",\"@id\":\"https:\/\/esf.hr\/esfplus\/institucionalni-okvir-za-provedbu-europskog-socijalnog-fonda\/#webpage\",\"url\":\"https:\/\/esf.hr\/esfplus\/institucionalni-okvir-za-provedbu-europskog-socijalnog-fonda\/\",\"name\":\"Nacionalni okvir za provedbu ESF + - Europski socijalni fond\",\"isPartOf\":{\"@id\":\"https:\/\/esf.hr\/esfplus\/#website\"},\"datePublished\":\"2022-10-28T08:15:35+00:00\",\"dateModified\":\"2026-03-20T08:50:58+00:00\",\"breadcrumb\":{\"@id\":\"https:\/\/esf.hr\/esfplus\/institucionalni-okvir-za-provedbu-europskog-socijalnog-fonda\/#breadcrumb\"},\"inLanguage\":\"en-US\",\"potentialAction\":[{\"@type\":\"ReadAction\",\"target\":[\"https:\/\/esf.hr\/esfplus\/institucionalni-okvir-za-provedbu-europskog-socijalnog-fonda\/\"]}]},{\"@type\":\"BreadcrumbList\",\"@id\":\"https:\/\/esf.hr\/esfplus\/institucionalni-okvir-za-provedbu-europskog-socijalnog-fonda\/#breadcrumb\",\"itemListElement\":[{\"@type\":\"ListItem\",\"position\":1,\"name\":\"Naslovna\",\"item\":\"https:\/\/esf.hr\/esfplus\/\"},{\"@type\":\"ListItem\",\"position\":2,\"name\":\"Nacionalni okvir za provedbu ESF +\"}]}]}<\/script>\n<!-- \/ Yoast SEO plugin. -->","yoast_head_json":{"title":"Nacionalni okvir za provedbu ESF + - Europski socijalni fond","robots":{"index":"index","follow":"follow","max-snippet":"max-snippet:-1","max-image-preview":"max-image-preview:large","max-video-preview":"max-video-preview:-1"},"canonical":"https:\/\/esf.hr\/esfplus\/institucionalni-okvir-za-provedbu-europskog-socijalnog-fonda\/","og_locale":"en_US","og_type":"article","og_title":"Nacionalni okvir za provedbu ESF + - Europski socijalni fond","og_description":"Zakon o izmjenama Zakona o institucionalnom okviru za kori\u0161tenje fondova Europske unije u Republici Hrvatskoj Zakon o institucionalnom okviru za kori\u0161tenje fondova Europske unije u Republici Hrvatskoj Uredba o tijelima u sustavu upravljanja i kontrole kori\u0161tenja Europskog socijalnog fonda plus u vezi s ciljem \u00bbUlaganje za radna mjesta i rast\u00ab, u okviru programa U\u010dinkoviti ljudski [&hellip;]","og_url":"https:\/\/esf.hr\/esfplus\/institucionalni-okvir-za-provedbu-europskog-socijalnog-fonda\/","og_site_name":"Europski socijalni fond","article_modified_time":"2026-03-20T08:50:58+00:00","twitter_misc":{"Est. reading time":"1 minute"},"schema":{"@context":"https:\/\/schema.org","@graph":[{"@type":"WebSite","@id":"https:\/\/esf.hr\/esfplus\/#website","url":"https:\/\/esf.hr\/esfplus\/","name":"Europski socijalni fond","description":"Program U\u010dinkoviti ljudski potencijali 2021.-2027.","potentialAction":[{"@type":"SearchAction","target":{"@type":"EntryPoint","urlTemplate":"https:\/\/esf.hr\/esfplus\/?s={search_term_string}"},"query-input":"required name=search_term_string"}],"inLanguage":"en-US"},{"@type":"WebPage","@id":"https:\/\/esf.hr\/esfplus\/institucionalni-okvir-za-provedbu-europskog-socijalnog-fonda\/#webpage","url":"https:\/\/esf.hr\/esfplus\/institucionalni-okvir-za-provedbu-europskog-socijalnog-fonda\/","name":"Nacionalni okvir za provedbu ESF + - Europski socijalni fond","isPartOf":{"@id":"https:\/\/esf.hr\/esfplus\/#website"},"datePublished":"2022-10-28T08:15:35+00:00","dateModified":"2026-03-20T08:50:58+00:00","breadcrumb":{"@id":"https:\/\/esf.hr\/esfplus\/institucionalni-okvir-za-provedbu-europskog-socijalnog-fonda\/#breadcrumb"},"inLanguage":"en-US","potentialAction":[{"@type":"ReadAction","target":["https:\/\/esf.hr\/esfplus\/institucionalni-okvir-za-provedbu-europskog-socijalnog-fonda\/"]}]},{"@type":"BreadcrumbList","@id":"https:\/\/esf.hr\/esfplus\/institucionalni-okvir-za-provedbu-europskog-socijalnog-fonda\/#breadcrumb","itemListElement":[{"@type":"ListItem","position":1,"name":"Naslovna","item":"https:\/\/esf.hr\/esfplus\/"},{"@type":"ListItem","position":2,"name":"Nacionalni okvir za provedbu ESF +"}]}]}},"_links":{"self":[{"href":"https:\/\/esf.hr\/esfplus\/wp-json\/wp\/v2\/pages\/19699"}],"collection":[{"href":"https:\/\/esf.hr\/esfplus\/wp-json\/wp\/v2\/pages"}],"about":[{"href":"https:\/\/esf.hr\/esfplus\/wp-json\/wp\/v2\/types\/page"}],"author":[{"embeddable":true,"href":"https:\/\/esf.hr\/esfplus\/wp-json\/wp\/v2\/users\/20"}],"replies":[{"embeddable":true,"href":"https:\/\/esf.hr\/esfplus\/wp-json\/wp\/v2\/comments?post=19699"}],"version-history":[{"count":15,"href":"https:\/\/esf.hr\/esfplus\/wp-json\/wp\/v2\/pages\/19699\/revisions"}],"predecessor-version":[{"id":26093,"href":"https:\/\/esf.hr\/esfplus\/wp-json\/wp\/v2\/pages\/19699\/revisions\/26093"}],"wp:attachment":[{"href":"https:\/\/esf.hr\/esfplus\/wp-json\/wp\/v2\/media?parent=19699"}],"curies":[{"name":"wp","href":"https:\/\/api.w.org\/{rel}","templated":true}]}}