{"id":12037,"date":"2021-06-21T14:39:00","date_gmt":"2021-06-21T13:39:00","guid":{"rendered":"https:\/\/esf.hr\/esfplus\/?page_id=12037"},"modified":"2024-06-24T13:48:02","modified_gmt":"2024-06-24T11:48:02","slug":"izjava-o-pristupacnosti","status":"publish","type":"page","link":"https:\/\/esf.hr\/esfplus\/izjava-o-pristupacnosti\/","title":{"rendered":"Izjava o pristupa\u010dnosti"},"content":{"rendered":"\n<hr class=\"wp-block-separator\"\/>\n\n\n\n<p><strong><em>Ministarstvo rada, mirovinskoga sustava, obitelji i socijalne politike<\/em><\/strong> sa sjedi\u0161tem na adresi Ulica grada Vukovara 78, 10 000 Zagreb, OIB 53969486500 (dalje \u201e<strong><em>Ministarstvo<\/em><\/strong>\u201c) nastoji svoje mre\u017ene stranice u\u010diniti pristupa\u010dnima u skladu sa <a href=\"https:\/\/narodne-novine.nn.hr\/clanci\/sluzbeni\/2019_02_17_358.html\"><em>Zakonom o pristupa\u010dnosti mre\u017enih stranica i programskih rje\u0161enja za pokretne ure\u0111aje tijela javnog sektora Republike Hrvatske<\/em> (\u201eNarodne novine\u201c, broj 17\/19)<\/a> (dalje u tekstu \u201e<strong><em>Zakon<\/em><\/strong>\u201c) kojim se prenosi <em><a href=\"https:\/\/eur-lex.europa.eu\/legal-content\/HR\/TXT\/?uri=CELEX%3A32016L2102\">Direktiva (EU) 2016\/2102 Europskog parlamenta i Vije\u0107a od 26. listopada 2016. o pristupa\u010dnosti internetskih stranica i mobilnih aplikacija tijela javnog sektora <\/a><\/em>(SL L 327, 2.12.2016.).&nbsp;<\/p>\n\n\n\n<p>Ova Izjava o pristupa\u010dnosti primjenjuje se na mre\u017enu stranicu koja se nalazi na mre\u017enom mjestu <a href=\"https:\/\/esf.hr\/esfplus\/\" target=\"_blank\" rel=\"noreferrer noopener\">https:\/\/esf.hr\/esfplus\/<\/a>.&nbsp;<\/p>\n\n\n\n<p><strong>Stupanj uskla\u0111enosti&nbsp;<\/strong>&nbsp;<\/p>\n\n\n\n<p>Mre\u017ena stranica <a href=\"https:\/\/esf.hr\/esfplus\/\" target=\"_blank\" rel=\"noreferrer noopener\">https:\/\/esf.hr\/esfplus\/<\/a> u ve\u0107oj mjeri je uskla\u0111eno s predmetnim Zakonom uz iznimke navedene u nastavku.&nbsp;<\/p>\n\n\n\n<p><strong>Nepristupa\u010dan sadr\u017eaj<\/strong>&nbsp;<\/p>\n\n\n\n<p>Sadr\u017eaj naveden u nastavku je nepristupa\u010dan iz sljede\u0107ih razloga:&nbsp;<\/p>\n\n\n\n<ul><li>pojedine slike nemaju pridru\u017een opis;&nbsp;<\/li><li>postoji dio naslova i teksta koji nemaju mogu\u0107nost pove\u0107anja \/ smanjenja slova;&nbsp;<\/li><li>dio poveznica nije podcrtan;&nbsp;<\/li><\/ul>\n\n\n\n<ul><li>ne postoji mogu\u0107nost jednostavnog mijenjanja vrste fonta u font pogodan za osobe s disleksijom ili drugim sli\u010dnim zdravstvenim oboljenjem;&nbsp;<\/li><li>dio postavljenih dokumenata nije dostupan u strojno \u010ditljivom obliku;&nbsp;<\/li><li>kontrast na pojedinim dijelovima nije zadovoljavaju\u0107i.&nbsp;<\/li><\/ul>\n\n\n\n<p>Ministarstvo intenzivno radi na uklanjanju uo\u010denih neuskla\u0111enosti.&nbsp;<\/p>\n\n\n\n<p><strong>Priprema ove Izjave o pristupa\u010dnosti<\/strong>&nbsp;<\/p>\n\n\n\n<p>Ova je Izjava sastavljena 1. velja\u010de 2023. godine, prema Predlo\u0161ku izjave o pristupa\u010dnosti koji je u skladu s <em><a href=\"https:\/\/eur-lex.europa.eu\/legal-content\/HR\/TXT\/?uri=CELEX%3A32016L2102\">Direktivom (EU) 2016\/2102 Europskog parlamenta i Vije\u0107a o pristupa\u010dnosti internetskih stranica i mobilnih aplikacija tijela javnog sektora<\/a><\/em>, a utvr\u0111en je <em><a href=\"https:\/\/eur-lex.europa.eu\/legal-content\/HR\/TXT\/PDF\/?uri=CELEX:32018D1523&amp;from=DA\">Provedbenom odlukom Komisije (EU) 2018\/1523<\/a><\/em>.&nbsp;<\/p>\n\n\n\n<p>Za pripremu ove Izjave kori\u0161tena je metoda samoprocjene koju je provelo Ministarstvo uz automatiziranu provjeru pristupa\u010dnosti kori\u0161tenjem programskog alata <em>WAVE Web Accessibility Evaluation<\/em> Tool.&nbsp;<\/p>\n\n\n\n<p>Ministarstvo \u0107e, ovisno o potrebi, revidirati ovu Izjavu.&nbsp;<\/p>\n\n\n\n<p><strong>Povratne informacije i podaci za kontakt<\/strong>&nbsp;<\/p>\n\n\n\n<p>Molimo korisnike ove mre\u017ene stranice ako primijete neuskla\u0111en sadr\u017eaj, koji nije obuhva\u0107en ovom Izjavom, da o tome obavijeste Ministarstvo.&nbsp;<\/p>\n\n\n\n<p>Sve upite vezane uz pristupa\u010dnost mre\u017ene stranice, korisnici mogu uputiti putem elektroni\u010dke po\u0161te: <a href=\"mailto:esf.info@mrosp.hr\" target=\"_blank\" rel=\"noreferrer noopener\">esf.info@mrosp.hr<\/a>.&nbsp;<\/p>\n\n\n\n<p><strong>Postupak pra\u0107enja provedbe propisa<\/strong>&nbsp;<\/p>\n\n\n\n<p>Povjerenik za informiranje Republike Hrvatske je tijelo nadle\u017eno za pra\u0107enje uskla\u0111enosti mre\u017enih stranica i programskih rje\u0161enja za pokretne ure\u0111aje tijela javnog sektora sa zahtjevima pristupa\u010dnosti, kao i za nadzor nad provedbom Zakona.&nbsp;<\/p>\n\n\n\n<p>U slu\u010daju nezadovoljavaju\u0107ih odgovora na obavijest ili zahtjev za povratne informacije o pristupa\u010dnosti mre\u017ene stranice, korisnici se mogu obratiti Povjereniku za informiranje putem elektroni\u010dke po\u0161te: <a href=\"mailto:pristupacnost@pristupinfo.hr\" target=\"_blank\" rel=\"noreferrer noopener\">pristupacnost@pristupinfo.hr<\/a>.&nbsp;<\/p>\n","protected":false},"excerpt":{"rendered":"<p>Ministarstvo rada, mirovinskoga sustava, obitelji i socijalne politike sa sjedi\u0161tem na adresi Ulica grada Vukovara 78, 10 000 Zagreb, OIB 53969486500 (dalje \u201eMinistarstvo\u201c) nastoji svoje mre\u017ene stranice u\u010diniti pristupa\u010dnima u skladu sa Zakonom o pristupa\u010dnosti mre\u017enih stranica i programskih rje\u0161enja za pokretne ure\u0111aje tijela javnog sektora Republike Hrvatske (\u201eNarodne novine\u201c, broj 17\/19) (dalje u tekstu [&hellip;]<\/p>\n","protected":false},"author":20,"featured_media":0,"parent":0,"menu_order":0,"comment_status":"closed","ping_status":"closed","template":"","meta":{"_monsterinsights_skip_tracking":false,"_monsterinsights_sitenote_active":false,"_monsterinsights_sitenote_note":"","_monsterinsights_sitenote_category":0,"cybocfi_hide_featured_image":""},"yoast_head":"<!-- This site is optimized with the Yoast SEO plugin v16.8 - https:\/\/yoast.com\/wordpress\/plugins\/seo\/ -->\n<title>Izjava o pristupa\u010dnosti - Europski socijalni fond<\/title>\n<meta name=\"robots\" content=\"index, follow, max-snippet:-1, max-image-preview:large, max-video-preview:-1\" \/>\n<link rel=\"canonical\" href=\"https:\/\/esf.hr\/esfplus\/izjava-o-pristupacnosti\/\" \/>\n<meta property=\"og:locale\" content=\"en_US\" \/>\n<meta property=\"og:type\" content=\"article\" \/>\n<meta property=\"og:title\" content=\"Izjava o pristupa\u010dnosti - Europski socijalni fond\" \/>\n<meta property=\"og:description\" content=\"Ministarstvo rada, mirovinskoga sustava, obitelji i socijalne politike sa sjedi\u0161tem na adresi Ulica grada Vukovara 78, 10 000 Zagreb, OIB 53969486500 (dalje \u201eMinistarstvo\u201c) nastoji svoje mre\u017ene stranice u\u010diniti pristupa\u010dnima u skladu sa Zakonom o pristupa\u010dnosti mre\u017enih stranica i programskih rje\u0161enja za pokretne ure\u0111aje tijela javnog sektora Republike Hrvatske (\u201eNarodne novine\u201c, broj 17\/19) (dalje u tekstu [&hellip;]\" \/>\n<meta property=\"og:url\" content=\"https:\/\/esf.hr\/esfplus\/izjava-o-pristupacnosti\/\" \/>\n<meta property=\"og:site_name\" content=\"Europski socijalni fond\" \/>\n<meta property=\"article:modified_time\" content=\"2024-06-24T11:48:02+00:00\" \/>\n<meta name=\"twitter:label1\" content=\"Est. reading time\" \/>\n\t<meta name=\"twitter:data1\" content=\"2 minutes\" \/>\n<script type=\"application\/ld+json\" class=\"yoast-schema-graph\">{\"@context\":\"https:\/\/schema.org\",\"@graph\":[{\"@type\":\"WebSite\",\"@id\":\"https:\/\/esf.hr\/esfplus\/#website\",\"url\":\"https:\/\/esf.hr\/esfplus\/\",\"name\":\"Europski socijalni fond\",\"description\":\"Program U\\u010dinkoviti ljudski potencijali 2021.-2027.\",\"potentialAction\":[{\"@type\":\"SearchAction\",\"target\":{\"@type\":\"EntryPoint\",\"urlTemplate\":\"https:\/\/esf.hr\/esfplus\/?s={search_term_string}\"},\"query-input\":\"required name=search_term_string\"}],\"inLanguage\":\"en-US\"},{\"@type\":\"WebPage\",\"@id\":\"https:\/\/esf.hr\/esfplus\/izjava-o-pristupacnosti\/#webpage\",\"url\":\"https:\/\/esf.hr\/esfplus\/izjava-o-pristupacnosti\/\",\"name\":\"Izjava o pristupa\\u010dnosti - Europski socijalni fond\",\"isPartOf\":{\"@id\":\"https:\/\/esf.hr\/esfplus\/#website\"},\"datePublished\":\"2021-06-21T13:39:00+00:00\",\"dateModified\":\"2024-06-24T11:48:02+00:00\",\"breadcrumb\":{\"@id\":\"https:\/\/esf.hr\/esfplus\/izjava-o-pristupacnosti\/#breadcrumb\"},\"inLanguage\":\"en-US\",\"potentialAction\":[{\"@type\":\"ReadAction\",\"target\":[\"https:\/\/esf.hr\/esfplus\/izjava-o-pristupacnosti\/\"]}]},{\"@type\":\"BreadcrumbList\",\"@id\":\"https:\/\/esf.hr\/esfplus\/izjava-o-pristupacnosti\/#breadcrumb\",\"itemListElement\":[{\"@type\":\"ListItem\",\"position\":1,\"name\":\"Naslovna\",\"item\":\"https:\/\/esf.hr\/esfplus\/\"},{\"@type\":\"ListItem\",\"position\":2,\"name\":\"Izjava o pristupa\\u010dnosti\"}]}]}<\/script>\n<!-- \/ Yoast SEO plugin. -->","yoast_head_json":{"title":"Izjava o pristupa\u010dnosti - Europski socijalni fond","robots":{"index":"index","follow":"follow","max-snippet":"max-snippet:-1","max-image-preview":"max-image-preview:large","max-video-preview":"max-video-preview:-1"},"canonical":"https:\/\/esf.hr\/esfplus\/izjava-o-pristupacnosti\/","og_locale":"en_US","og_type":"article","og_title":"Izjava o pristupa\u010dnosti - Europski socijalni fond","og_description":"Ministarstvo rada, mirovinskoga sustava, obitelji i socijalne politike sa sjedi\u0161tem na adresi Ulica grada Vukovara 78, 10 000 Zagreb, OIB 53969486500 (dalje \u201eMinistarstvo\u201c) nastoji svoje mre\u017ene stranice u\u010diniti pristupa\u010dnima u skladu sa Zakonom o pristupa\u010dnosti mre\u017enih stranica i programskih rje\u0161enja za pokretne ure\u0111aje tijela javnog sektora Republike Hrvatske (\u201eNarodne novine\u201c, broj 17\/19) (dalje u tekstu [&hellip;]","og_url":"https:\/\/esf.hr\/esfplus\/izjava-o-pristupacnosti\/","og_site_name":"Europski socijalni fond","article_modified_time":"2024-06-24T11:48:02+00:00","twitter_misc":{"Est. reading time":"2 minutes"},"schema":{"@context":"https:\/\/schema.org","@graph":[{"@type":"WebSite","@id":"https:\/\/esf.hr\/esfplus\/#website","url":"https:\/\/esf.hr\/esfplus\/","name":"Europski socijalni fond","description":"Program U\u010dinkoviti ljudski potencijali 2021.-2027.","potentialAction":[{"@type":"SearchAction","target":{"@type":"EntryPoint","urlTemplate":"https:\/\/esf.hr\/esfplus\/?s={search_term_string}"},"query-input":"required name=search_term_string"}],"inLanguage":"en-US"},{"@type":"WebPage","@id":"https:\/\/esf.hr\/esfplus\/izjava-o-pristupacnosti\/#webpage","url":"https:\/\/esf.hr\/esfplus\/izjava-o-pristupacnosti\/","name":"Izjava o pristupa\u010dnosti - Europski socijalni fond","isPartOf":{"@id":"https:\/\/esf.hr\/esfplus\/#website"},"datePublished":"2021-06-21T13:39:00+00:00","dateModified":"2024-06-24T11:48:02+00:00","breadcrumb":{"@id":"https:\/\/esf.hr\/esfplus\/izjava-o-pristupacnosti\/#breadcrumb"},"inLanguage":"en-US","potentialAction":[{"@type":"ReadAction","target":["https:\/\/esf.hr\/esfplus\/izjava-o-pristupacnosti\/"]}]},{"@type":"BreadcrumbList","@id":"https:\/\/esf.hr\/esfplus\/izjava-o-pristupacnosti\/#breadcrumb","itemListElement":[{"@type":"ListItem","position":1,"name":"Naslovna","item":"https:\/\/esf.hr\/esfplus\/"},{"@type":"ListItem","position":2,"name":"Izjava o pristupa\u010dnosti"}]}]}},"_links":{"self":[{"href":"https:\/\/esf.hr\/esfplus\/wp-json\/wp\/v2\/pages\/12037"}],"collection":[{"href":"https:\/\/esf.hr\/esfplus\/wp-json\/wp\/v2\/pages"}],"about":[{"href":"https:\/\/esf.hr\/esfplus\/wp-json\/wp\/v2\/types\/page"}],"author":[{"embeddable":true,"href":"https:\/\/esf.hr\/esfplus\/wp-json\/wp\/v2\/users\/20"}],"replies":[{"embeddable":true,"href":"https:\/\/esf.hr\/esfplus\/wp-json\/wp\/v2\/comments?post=12037"}],"version-history":[{"count":10,"href":"https:\/\/esf.hr\/esfplus\/wp-json\/wp\/v2\/pages\/12037\/revisions"}],"predecessor-version":[{"id":22826,"href":"https:\/\/esf.hr\/esfplus\/wp-json\/wp\/v2\/pages\/12037\/revisions\/22826"}],"wp:attachment":[{"href":"https:\/\/esf.hr\/esfplus\/wp-json\/wp\/v2\/media?parent=12037"}],"curies":[{"name":"wp","href":"https:\/\/api.w.org\/{rel}","templated":true}]}}